tors of 288432.
2, 3, 2003
List the prime factors of 249694.
2, 124847
What are the prime factors of 1650105?
3, 5, 17, 719
List the prime factors of 2049414.
2, 3, 341569
List the prime factors of 2558267.
23, 111229
What are the prime factors of 196941?
3, 65647
What are the prime factors of 7166916?
2, 3, 199081
List the prime factors of 7453414.
2, 379, 9833
List the prime factors of 9621327.
3, 73, 43933
List the prime factors of 29699763.
3, 9899921
What are the prime factors of 2663076?
2, 3, 13, 43, 397
List the prime factors of 3428006.
2, 1714003
What are the prime factors of 354935?
5, 7, 10141
List the prime factors of 302983.
302983
List the prime factors of 7619713.
7619713
List the prime factors of 207522.
2, 3, 7, 61
What are the prime factors of 455808?
2, 3, 1187
List the prime factors of 5237487.
3, 29, 6689
List the prime factors of 316649.
316649
List the prime factors of 1515813.
3, 13, 38867
What are the prime factors of 1158327?
3, 42901
What are the prime factors of 12942421?
2887, 4483
List the prime factors of 2624001.
3, 17, 23, 2237
List the prime factors of 584170.
2, 5, 58417
What are the prime factors of 269110?
2, 5, 17, 1583
What are the prime factors of 8885576?
2, 7, 101, 1571
What are the prime factors of 9874123?
7, 29, 127, 383
List the prime factors of 178879.
113, 1583
List the prime factors of 3327391.
97, 34303
What are the prime factors of 193155?
3, 5, 79, 163
What are the prime factors of 18719406?
2, 3, 137, 7591
What are the prime factors of 178213?
7, 3637
List the prime factors of 4183365.
3, 5, 278891
List the prime factors of 118802.
2, 191, 311
List the prime factors of 97689.
3, 32563
List the prime factors of 2321433.
3, 127, 677
What are the prime factors of 19354706?
2, 7, 41, 4817
List the prime factors of 5077167.
3, 131, 12919
What are the prime factors of 25388419?
7, 518131
What are the prime factors of 1086956?
2, 13, 20903
What are the prime factors of 27178451?
43, 14699
List the prime factors of 298673.
17, 17569
What are the prime factors of 15196536?
2, 3, 211063
What are the prime factors of 12188952?
2, 3, 31, 43, 127
What are the prime factors of 1576410?
2, 3, 5, 11, 17, 281
What are the prime factors of 2465118?
2, 3, 136951
What are the prime factors of 24269818?
2, 311, 39019
List the prime factors of 27170.
2, 5, 11, 13, 19
List the prime factors of 1368473.
1368473
What are the prime factors of 3151230?
2, 3, 5, 23, 4567
List the prime factors of 1979517.
3, 379, 1741
What are the prime factors of 25200668?
2, 149, 42283
List the prime factors of 359476.
2, 13, 31, 223
What are the prime factors of 10147795?
5, 7, 289937
What are the prime factors of 993050?
2, 5, 19861
List the prime factors of 739941.
3, 157, 1571
List the prime factors of 9198305.
5, 601, 3061
List the prime factors of 1440533.
1440533
List the prime factors of 129110.
2, 5, 12911
What are the prime factors of 29593?
101, 293
What are the prime factors of 6690419?
61, 67, 1637
What are the prime factors of 266824?
2, 33353
What are the prime factors of 3801842?
2, 11, 29, 59, 101
List the prime factors of 1333752.
2, 3, 7, 17, 467
What are the prime factors of 243349?
37, 6577
What are the prime factors of 1103449?
1103449
List the prime factors of 18391743.
3, 23, 3863
What are the prime factors of 111286?
2, 7, 7949
What are the prime factors of 34755?
3, 5, 7, 331
What are the prime factors of 192758?
2, 31, 3109
List the prime factors of 1172173.
167, 7019
List the prime factors of 55354.
2, 13, 2129
List the prime factors of 163261.
7, 83, 281
List the prime factors of 8192584.
2, 1024073
What are the prime factors of 15460695?
3, 5, 79, 4349
What are the prime factors of 1016194?
2, 508097
What are the prime factors of 40064365?
5, 11, 227, 3209
List the prime factors of 197422.
2, 98711
List the prime factors of 44241.
3, 14747
List the prime factors of 28340823.
3, 7, 719, 1877
What are the prime factors of 138950?
2, 5, 7, 397
List the prime factors of 1734611.
1734611
What are the prime factors of 1762308?
2, 3, 48953
List the prime factors of 6682181.
11, 607471
What are the prime factors of 167992?
2, 11, 23, 83
What are the prime factors of 2980122?
2, 3, 496687
List the prime factors of 562897.
562897
List the prime factors of 1776677.
7, 253811
What are the prime factors of 16653?
3, 7, 13, 61
What are the prime factors of 10480360?
2, 5, 11, 23819
List the prime factors of 470931.
3, 29, 5413
List the prime factors of 2843850.
2, 3, 5, 18959
What are the prime factors of 4745675?
5, 11, 17257
List the prime factors of 1280172.
2, 3, 106681
List the prime factors of 3274081.
17, 11329
List the prime factors of 462119.
7, 9431
List the prime factors of 265832.
2, 7, 47, 101
List the prime factors of 2226815.
5, 445363
List the prime factors of 26311337.
13, 89, 22741
List the prime factors of 305876.
2, 47, 1627
List the prime factors of 585857.
585857
What are the prime factors of 241557?
3, 73, 1103
What are the prime factors of 1366675?
5, 54667
What are the prime factors of 2537990?
2, 5, 7, 13, 2789
What are the prime factors of 16293667?
13, 17, 73727
List the prime factors of 119454.
2, 3, 43, 463
What are the prime factors of 187384?
2, 59, 397
List the prime factors of 1864226.
2, 7, 13, 10243
What are the prime factors of 212619?
3, 11, 17, 379
List the prime factors of 5658004.
2, 11, 128591
What are the prime factors of 239823?
3, 26647
List the prime factors of 950529.
3, 67, 4729
What are the prime factors of 548477?
29, 18913
List the prime factors of 4884712.
2, 7, 17, 733
What are the prime factors of 1081375?
5, 41, 211
List the prime factors of 1724149.
7, 23, 10709
What are the prime factors of 152179?
31, 4909
What are the prime factors of 39464?
2, 4933
What are the prime factors of 195882?
2, 3, 32647
List the prime factors of 2652026.
2, 13, 102001
What are the prime factors of 1247517?
3, 97, 1429
List the prime factors of 240156.
2, 3, 7, 953
List the prime factors of 13686231.
3, 13, 29, 12101
List the prime factors of 9012276.
2, 3, 7, 13, 131
What are the prime factors of 215543?
17, 31, 409
What are the prime factors of 28932669?
3, 181, 17761
List the prime factors of 109479.
3, 36493
What are the prime factors of 696607?
696607
What are the prime factors of 9537516?
2, 3, 264931
What are the prime factors of 82366?
2, 41183
List the prime factors of 11196672.
2, 3, 61, 239
What are the prime factors of 8362860?
2, 3, 5, 11, 12671
List the prime factors of 1737338.
2, 868669
What are the prime factors of 395280?
2, 3, 5, 61
List the prime factors of 31468342.
2, 15734171
What are the prime factors of 215741?
443, 487
List the prime factors of 448911.
3, 31, 1609
List the prime factors of 449702.
2, 11, 20441
List the prime factors of 4114242.
2, 3, 11, 1889
What are the prime factors of 2602351?
2602351
List the prime factors of 48209.
7, 71, 97
List the prime factors of 6674991.
3, 23, 96739
List the prime factors of 457529.
31, 14759
List the prime factors of 4114376.
2, 7, 73471
What are the prime factors of 6333787?
6333787
List the prime factors of 385285.
5, 251, 307
List the prime factors of 3078406.
2, 47, 32749
What are the prime factors of 155669?
17, 9157
What are the prime factors of 542637?
3, 60293
List the prime factors of 114217.
114217
What are the prime factors of 365748?
2, 3, 29, 1051
List the prime factors of 4452961.
23, 193607
List the prime factors of 270667.
270667
List the prime factors of 344792.
2, 7, 47, 131
List the prime factors of 70457.
70457
List the prime factors of 5796867.
3, 41, 47129
List the prime factors of 17233968.
2, 3, 359041
List the prime factors of 280571.
37, 7583
What are the prime factors of 301129?
43, 47, 149
What are the prime factors of 852936?
2, 3, 7, 5077
List the prime factors of 7492075.
5, 299683
What are the prime factors of 6517751?
6517751
What are the prime factors of 461166?
2, 3, 101, 761
What are the prime factors of 4620835?
5, 619, 1493
What are the prime factors of 20556348?
2, 3, 31, 55259
What are the prime factors of 2216232?
2, 3, 30781
What are the prime factors of 424239?
3, 141413
What are the prime factors of 676268?
2, 169067
What are the prime factors of 16618986?
2, 3,